j(z) = -2*z**2 + 11*z**2 - 4 - 2*z**2 - 6*z**2. Give j(3).
5
Let j(u) = u**3 - 3*u**2 - 2*u. Suppose 4*s - 3*n = -11, -4*n + 6 = -0*s - s. Let y(r) = -1. Let k(b) = s*y(b) - j(b). Suppose 2*a + 6 = 4*a. What is k(a)?
8
Let u = 26 - 23. Let c(f) = -3*f - 6 + 4 + u. Give c(-5).
16
Let i(d) be the third derivative of d**5/30 - 5*d**4/24 - d**3/6 - 14*d**2. Let u be i(3). Let c(j) = -j**3 + 4*j - 3. Determine c(u).
-3
Let y(f) = f**3 - 13*f**2 - 10*f - 62. Let g be y(14). Let l(j) = -4 - 8 + 2*j - 5 + 25. Determine l(g).
-4
Suppose -8*c + 15 = 63. Let z(m) = 5*m + 21. Give z(c).
-9
Let x(j) be the second derivative of -j**3/6 - 3*j**2/2 - 3*j. Let a be x(-5). Let f(d) = d**2 + d**3 - 2*d**2 - 487 + 489. What is f(a)?
6
Let x(g) be the first derivative of -g**4/4 + 4*g**3/3 - g**2 + 3*g + 84. Suppose 3*r - 2*z - 1 = 4, 0 = 5*r + 2*z - 19. What is x(r)?
6
Let p be 7 + 3/(6/4). Let t = -19 + p. Let n(h) = h**2 + 10*h + 1. Give n(t).
1
Let i = 1443 + -1449. Let k(s) be the third derivative of -s**4/24 - 5*s**3/3 + s**2. Determine k(i).
-4
Let i(d) = -5*d + 18. Let x be i(-14). Let c be 18/4*x/33. Suppose -5*a = -5*s + 10 + 30, c = s - 2*a. Let k(v) = -v**2 + 6*v - 5. What is k(s)?
3
Let p(g) = 7*g + 13. Let o(v) = 1. Let n(y) = 11*y + 24. Suppose -10*l = -14*l + 4. Let c(r) = l*n(r) - 5*o(r). Let f(s) = 5*c(s) - 8*p(s). Determine f(-6).
-3
Let p(s) = 5 - 4*s - 6 + 0*s**2 + 9*s - s**2. Let m = -34 + 54. Let j = -18 + m. Give p(j).
5
Let n(y) be the third derivative of -y**5/12 - y**4/24 + y**3/6 + 10*y**2 - 2*y. Calculate n(2).
-21
Let o(f) = -f**2 + 2. Suppose 0 = -y - n + 43 - 12, -15 = -y + 3*n. Suppose 7*m = -2*m - y. Calculate o(m).
-7
Let b(u) be the third derivative of -u**4/24 - u**3/3 - 20*u**2 - 2. Give b(9).
-11
Let m(g) = g**3 - 10*g**2 + 7*g + 8. Let z = 813 - 804. Calculate m(z).
-10
Let k(h) = -20*h**3 - 60*h**2 + 11*h + 9. Let f(i) = -11*i**3 - 31*i**2 + 6*i + 5. Let d(t) = -11*f(t) + 6*k(t). Give d(19).
-1
Suppose 28 = 6*w - 20. Suppose -24 = 5*p - w*p. Let o(d) = d**3 - 9*d**2 + 9*d - 5. Calculate o(p).
3
Suppose -4*n = 53 - 13. Let z = 13 + n. Let v(d) = 2*d**2 - d - 1 - 3*d**2 - d**z - 1. Give v(-2).
4
Let g(n) = -2*n - 3. Let s(a) = 14*a**3 + 2*a**2 - 1. Let f be s(-1). Let v be 4/26 + (-3944)/(-221). Let w = v + f. Calculate g(w).
-13
Let g be 2/(-9) + 2/9. Suppose 4*q + q + 30 = g. Let z(j) = -1. Let t(n) = n - 3. Let f(b) = t(b) + 2*z(b). What is f(q)?
-11
Let f(y) = y**2 + 7*y - 5. Let m be f(-8). Suppose 24*v - 50 = -v. Let t(i) = -v + 4*i - 9*i + m*i. Determine t(-4).
6
Let i(n) be the first derivative of n**3/3 - n**2/2 + 192. Give i(-1).
2
Suppose -3*x - 25 = -2*t, -3*x - 38 = -3*t - 5. Let y(b) = b**2 - 6*b - 1. Determine y(t).
15
Let t(b) = b**2 - 2*b - 1. Let a be t(3). Let h(x) = -x**a - 4*x - 12 + 8 + 7. Let o be h(-4). Let d(u) = -u**2 + u + 4. Calculate d(o).
-2
Let g(q) = 3*q - 1 - 2*q + 0*q. Suppose 13 = i - 4. Let o = i + -12. Determine g(o).
4
Let h be -3 - (6 - 9/2)*2. Let c(j) = -j**2 + 3*j + 9. Calculate c(h).
-45
Let c(s) = 4*s - 8*s - s**2 + 0*s**2 - 3 + s. Give c(-5).
-13
Let p(a) be the second derivative of -a**6/180 - a**5/60 - 8*a**3/3 + 5*a. Let w(u) be the second derivative of p(u). What is w(2)?
-12
Let j(b) = -b**2 + b. Let g(u) = 35*u**2 - 3*u. Let h(o) = -g(o) - 4*j(o). Give h(-1).
-30
Let y(l) be the third derivative of l**6/120 - l**5/15 - l**4/24 - l**3/3 + 2*l**2 + 144*l. Determine y(3).
-14
Let z(n) be the second derivative of -1/6*n**3 + 6*n + 1/20*n**5 + 0 + 0*n**4 - 1/2*n**2. Suppose -3 = 3*u + 2*i + 3, 0 = -4*u - 4*i - 12. Calculate z(u).
-1
Let f(v) = -238 + 466 - 235 + 2*v. Suppose 2*l - 22 = 2*p - 3*l, -7 = -p - 2*l. Let q be p + 2 + 6 - 2. What is f(q)?
3
Let u = 1 - 0. Let b(a) = a**2 + 12*a + 1. Let m(n) = -4*n**2 - 34*n - 3. Let p(g) = -17*b(g) - 6*m(g). Give p(u).
8
Let r(f) = 5*f**2 + 5*f - 8. Let x(k) = 3*k**2 - 2*k + 1. Let m(p) = r(p) - 2*x(p). What is m(7)?
4
Suppose 0 = -17*d + 35 - 1. Let h(p) = 3*p**3 - 6*p**2 + 3*p - 4. Let w(u) = 4*u**3 - 7*u**2 + 2*u - 3. Let s(t) = d*w(t) - 3*h(t). Determine s(4).
-14
Let g(r) = 6*r**2 + 15*r - 4. Let s(j) = 7*j**2 + 17*j - 5. Let y(m) = 6*g(m) - 5*s(m). Give y(-5).
1
Let d(o) = 4 + 761*o - o**2 - 761*o - 1. Give d(-7).
-46
Let r(s) be the second derivative of s**5/20 + 4*s**4/3 + 17*s**3/6 + 31*s**2/2 + 10*s. Let l be r(-15). Let f(k) = -13*k + 1. Give f(l).
-12
Let r(w) = -6*w - 6. Let t be r(0). Let p(i) = -i - 2. What is p(t)?
4
Let x(b) = 3*b**3 + 4*b**2 + 11*b - 10. Let s(w) = w**3 + 3*w**2 + 6*w - 6. Let r(d) = 5*s(d) - 3*x(d). Calculate r(2).
-26
Let f(y) = -12*y**3 + 4*y - 4 + 19*y**3 + 19*y**2 - 16*y**2 - 8*y**3. Determine f(2).
8
Let c(p) = p**2 + 7*p + 3. Let u = 134 - 138. What is c(u)?
-9
Let k(v) be the second derivative of -v**5/20 + v**4/6 - v**3/3 + 468*v - 2. What is k(-3)?
51
Let b(j) be the third derivative of j**6/120 - j**5/20 - 2*j**3/3 + 2*j**2 + 114. Give b(3).
-4
Let k = 21 - 41. Let r(j) = -j**2 - 19*j + 22. Let v be r(k). Let z(b) = -b**v - 7*b**3 - 2*b - 2*b**2 - 2 + b**3 + 7*b**3. Calculate z(4).
6
Let n = -5 - -3. Let x be 46/(-69)*(-9)/n. Let f(p) = p**2 + 3*p. What is f(x)?
0
Let r(n) = 4*n**3 + 3*n**2 - 6*n + 6. Let p(b) = -5*b**3 - 2*b**2 + 5*b - 5. Let d(k) = -4*p(k) - 3*r(k). Give d(1).
7
Let h = -216 - -209. Let k(x) = -x**2 - 7*x - 5. Calculate k(h).
-5
Let r(d) = 1. Let n(s) = -3*s + 3. Let h(o) = -n(o) + 3*r(o). Suppose 4 = -2*q + 2. Determine h(q).
-3
Let s be -4 + 5 + 1/(6 - 5). Let g(m) = 4*m**2 + m - 2. Let q be g(-2). Let d(n) = -1 + 2*n**2 + q*n**s - 6*n - 8*n**2 - n**3 + 0*n. Calculate d(5).
-6
Suppose 86 = -41*r + 127. Let h(g) = 2*g**3 - 3*g**2 + g. Give h(r).
0
Let w(f) = -f**3 + 8*f**2 + 10*f - 5. Let c be (-33)/9 - -5 - (-23)/3. Calculate w(c).
4
Let j(s) be the third derivative of -s**5/20 + s**4/12 - s**3/3 + 149*s**2. Give j(2).
-10
Let b(r) = r**3 - 3*r**3 + 0*r**2 + r**2 + 3*r**3. Let g be -3*(2 + (-10)/(-6)). Let n = g + 11. What is b(n)?
0
Let w(n) = -4*n**3 - 2*n**2 + 1. Suppose -4*u + 3*u + 298 = 5*a, -2*a = -4*u - 106. Let o = 58 - a. Calculate w(o).
3
Let b(w) = 36*w**2 + 2*w + 1. Let i = -678 - -677. Give b(i).
35
Let n(a) = 4*a**2 + 4*a + 2. Let i(b) = b**2 + 5*b - 26. Let x be i(-7). Let o be ((-1)/2)/((-2)/x). What is n(o)?
26
Let j = -256 + 246. Let c(w) = -w**3 - 10*w**2 + 3*w + 6. Give c(j).
-24
Suppose 5*w = -5*t + 5, 0 = 22*w - 18*w + 5*t - 9. Let i(v) = v**2 + 7*v + 7. What is i(w)?
-5
Let w(s) = s**2 - 2. Let p = 20 + -18. Let x be w(p). Suppose -a - a = x*t, 0 = -a + t + 10. Let f(z) = -z**3 + 6*z**2 - 7*z. Give f(a).
-10
Let p(g) = g**3 - 6*g**2 - g - 1. Suppose 40 = 6*r - 2. Determine p(r).
41
Let c(o) = 2*o + 16. Suppose -3*k = 2*q + 29, 7*q = -2*k + 6*q - 18. Determine c(k).
2
Let r(q) be the second derivative of q**5/20 + 7*q**4/12 + q**3 + 5*q**2/2 + 13*q. Let t = 5 + -3. Suppose -4*x - x + t = -2*n, -3*x = -2*n - 6. Determine r(n).
5
Let j(n) = 482*n - 966*n + 485*n. Calculate j(0).
0
Let r(b) = 19*b - 12*b + 1 - 6*b + 10. Calculate r(-4).
7
Suppose 2*u = -2 - 0. Let k(i) = i + 1. Let c(l) = l**2 + 2. Let y(m) = u*c(m) + 6*k(m). Let d be 5*4/(-5)*-1. Give y(d).
12
Let g(a) = -a**3 + 5*a**2 - 6*a + 6. Let s be ((-5)/(-15))/(3/(-18)). Let i(m) = -6*m**3 + 25*m**2 - 31*m + 30. Let y(q) = s*i(q) + 11*g(q). Give y(-6).
-6
Let t(k) be the second derivative of -2*k**3/3 - 4*k**2 - 26*k + 11. Give t(-3).
4
Let n(z) = -6*z + 2 - 2*z + 4*z + z. Suppose 3*a = -5*p - 128 + 13, p = a - 23. Let s = 26 + p. Give n(s).
-7
Let z(b) = 30*b**3 + 38*b**3 + 4*b - 2 - 5 - 67*b**3 - 5*b**2. Determine z(3).
-13
Let t(z) = z + 2. Let y(w) = -w - 1. Let o be (-1 + 2)/6*6. Let s(n) = o*t(n) + 2*y(n). What is s(3)?
-3
Let x(t) = -t**3 - 8*t**2 - 7*t - 6. Let h(p) = 16*p**2 - 3*p - 11. Let q be h(-2). Let w = q + -66. What is x(w)?
-6
Let v(a) = 41*a. Let c = -599 - -598. What is v(c)?
-41
Let k be (-16 - -5)/(-1 - 0). Let x(w) = 22*w - k*w - 5 - 12*w. Give x(0).
-5
Let g be -6 + (-3)/((-3)/(-1)). Let c be -4 - g/((-7)/(-10)). Let q be (-8)/6*c/4. Let r(o) = -o**2 + 2. Determine r(q).
-2
Let f(l) = l + 5. Let x be ((-6)/(-9))/((-4)/(-18)). Calculate f(x).
8
Let l = 401 + -418. Let p(f) = -2*f - 26. Calculate p(l).
8
Let j = 0 - -8. Let v(z) = z**2 + 6 - j*z**2 - 2*z + 8*z**2. L